{"id":90,"date":"2019-05-01T20:59:01","date_gmt":"2019-05-01T20:59:01","guid":{"rendered":"http:\/\/flinke-flossen.de\/?page_id=90"},"modified":"2025-03-20T19:14:53","modified_gmt":"2025-03-20T19:14:53","slug":"vorstand","status":"publish","type":"page","link":"https:\/\/flinke-flossen.de\/?page_id=90","title":{"rendered":"Vorstand"},"content":{"rendered":"\n<p>Auf der Jahreshauptversammlung am 24. April 2023 wurde die Vorstandsmannschaft f\u00fcr die kommenden 2 Jahre gew\u00e4hlt. <\/p>\n\n\n\n<figure class=\"wp-block-table\"><table><tbody><tr><td>1. Vorsitzender<\/td><td>Frank Lorenz<\/td><\/tr><tr><td>2. Vorsitzender<\/td><td>Andr\u00e9 Kegel<\/td><\/tr><tr><td>3. Vorsitzende<\/td><td>Tamara Fornoff<\/td><\/tr><tr><td>Rechnerin<\/td><td>Birgit Kexel<\/td><\/tr><tr><td>Schriftf\u00fchrerin<\/td><td>Lisa Terk<\/td><\/tr><tr><td>Jugendwart<\/td><td>Tom Grohmann<\/td><\/tr><tr><td>Beisitzerin<\/td><td>Karla Pohl<\/td><\/tr><tr><td>Beisitzer<\/td><td>Dominik Kalbfleisch<\/td><\/tr><\/tbody><\/table><\/figure>\n\n\n\n<figure class=\"wp-block-image size-large is-resized\"><img loading=\"lazy\" decoding=\"async\" width=\"900\" height=\"836\" src=\"https:\/\/flinke-flossen.de\/wp-content\/uploads\/2023\/04\/vorstand-2023.jpg\" alt=\"\" class=\"wp-image-986\" style=\"width:518px;height:480px\" srcset=\"https:\/\/flinke-flossen.de\/wp-content\/uploads\/2023\/04\/vorstand-2023.jpg 900w, https:\/\/flinke-flossen.de\/wp-content\/uploads\/2023\/04\/vorstand-2023-300x279.jpg 300w, https:\/\/flinke-flossen.de\/wp-content\/uploads\/2023\/04\/vorstand-2023-768x713.jpg 768w\" sizes=\"(max-width: 900px) 100vw, 900px\" \/><\/figure>\n\n\n\n<p>Dieses Foto zeigt den Vorstand bis zur JHV 2025, ein neues Foto konnte noch nicht gemacht werden, wird aber bald nachgereicht.<\/p>\n","protected":false},"excerpt":{"rendered":"<p>Auf der Jahreshauptversammlung am 24. April 2023 wurde die Vorstandsmannschaft f\u00fcr die kommenden 2 Jahre gew\u00e4hlt. 1. Vorsitzender Frank Lorenz 2. Vorsitzender Andr\u00e9 Kegel 3. Vorsitzende Tamara Fornoff Rechnerin Birgit Kexel Schriftf\u00fchrerin Lisa Terk Jugendwart Tom Grohmann Beisitzerin Karla Pohl &hellip; <a href=\"https:\/\/flinke-flossen.de\/?page_id=90\">Weiterlesen <span class=\"meta-nav\">&rarr;<\/span><\/a><\/p>\n","protected":false},"author":1,"featured_media":0,"parent":2,"menu_order":3,"comment_status":"closed","ping_status":"closed","template":"onecolumn-page.php","meta":{"ngg_post_thumbnail":0,"footnotes":""},"_links":{"self":[{"href":"https:\/\/flinke-flossen.de\/index.php?rest_route=\/wp\/v2\/pages\/90"}],"collection":[{"href":"https:\/\/flinke-flossen.de\/index.php?rest_route=\/wp\/v2\/pages"}],"about":[{"href":"https:\/\/flinke-flossen.de\/index.php?rest_route=\/wp\/v2\/types\/page"}],"author":[{"embeddable":true,"href":"https:\/\/flinke-flossen.de\/index.php?rest_route=\/wp\/v2\/users\/1"}],"replies":[{"embeddable":true,"href":"https:\/\/flinke-flossen.de\/index.php?rest_route=%2Fwp%2Fv2%2Fcomments&post=90"}],"version-history":[{"count":18,"href":"https:\/\/flinke-flossen.de\/index.php?rest_route=\/wp\/v2\/pages\/90\/revisions"}],"predecessor-version":[{"id":1366,"href":"https:\/\/flinke-flossen.de\/index.php?rest_route=\/wp\/v2\/pages\/90\/revisions\/1366"}],"up":[{"embeddable":true,"href":"https:\/\/flinke-flossen.de\/index.php?rest_route=\/wp\/v2\/pages\/2"}],"wp:attachment":[{"href":"https:\/\/flinke-flossen.de\/index.php?rest_route=%2Fwp%2Fv2%2Fmedia&parent=90"}],"curies":[{"name":"wp","href":"https:\/\/api.w.org\/{rel}","templated":true}]}}

<p>Auf der Jahreshauptversammlung am 24. April 2023 wurde die Vorstandsmannschaft für die kommenden 2 Jahre gewählt. </p>



<figure class="wp-block-table"><table><tbody><tr><td>1. Vorsitzender</td><td>Frank Lorenz</td></tr><tr><td>2. Vorsitzender</td><td>André Kegel</td></tr><tr><td>3. Vorsitzende</td><td>Tamara Fornoff</td></tr><tr><td>Rechnerin</td><td>Birgit Kexel</td></tr><tr><td>Schriftführerin</td><td>Lisa Terk</td></tr><tr><td>Jugendwart</td><td>Tom Grohmann</td></tr><tr><td>Beisitzerin</td><td>Karla Pohl</td></tr><tr><td>Beisitzer</td><td>Dominik Kalbfleisch</td></tr></tbody></table></figure>



<figure class="wp-block-image size-large is-resized"><img loading="lazy" decoding="async" width="900" height="836" src="https://flinke-flossen.de/wp-content/uploads/2023/04/vorstand-2023.jpg" alt="" class="wp-image-986" style="width:518px;height:480px" srcset="https://flinke-flossen.de/wp-content/uploads/2023/04/vorstand-2023.jpg 900w, https://flinke-flossen.de/wp-content/uploads/2023/04/vorstand-2023-300x279.jpg 300w, https://flinke-flossen.de/wp-content/uploads/2023/04/vorstand-2023-768x713.jpg 768w" sizes="(max-width: 900px) 100vw, 900px" /></figure>



<p>Dieses Foto zeigt den Vorstand bis zur JHV 2025, ein neues Foto konnte noch nicht gemacht werden, wird aber bald nachgereicht.</p>

<p>Auf der Jahreshauptversammlung am 24. April 2023 wurde die Vorstandsmannschaft für die kommenden 2 Jahre gewählt. 1. Vorsitzender Frank Lorenz 2. Vorsitzender André Kegel 3. Vorsitzende Tamara Fornoff Rechnerin Birgit Kexel Schriftführerin Lisa Terk Jugendwart Tom Grohmann Beisitzerin Karla Pohl &hellip; <a href="https://flinke-flossen.de/?page_id=90">Weiterlesen <span class="meta-nav">&rarr;</span></a></p>
