{"id":818,"date":"2022-10-19T14:07:09","date_gmt":"2022-10-19T14:07:09","guid":{"rendered":"http:\/\/flinke-flossen.de\/?page_id=818"},"modified":"2022-11-24T12:37:16","modified_gmt":"2022-11-24T12:37:16","slug":"naturagart","status":"publish","type":"page","link":"https:\/\/flinke-flossen.de\/?page_id=818","title":{"rendered":"Naturagart"},"content":{"rendered":"\n<p>Im September waren 10 Flinke Flossen im Naturagart in Ibbenb\u00fcren, konnten dort mit riesigen St\u00f6ren tauchen. Und auch die nichttauchenden Begleitpersonen hatten gro\u00dfes Spa\u00df auf dem Gartengel\u00e4nde.<\/p>\n\n\n\n<!-- default-view.php -->\n<div\n\tclass=\"ngg-galleryoverview default-view \n\t\t\"\n\tid=\"ngg-gallery-d48a251444e053e43fe57fb7a63b708b-1\">\n\n\t\t<!-- Thumbnails -->\n\t\t\t\t<div id=\"ngg-image-0\" class=\"ngg-gallery-thumbnail-box \n\t\t\t\t\t\t\t\t\t\t\t\" \n\t\t\t>\n\t\t\t\t\t\t<div class=\"ngg-gallery-thumbnail\">\n\t\t\t<a href=\"https:\/\/flinke-flossen.de\/wp-content\/gallery\/naturgart\/MG_2267.jpg\"\n\t\t\t\ttitle=\"\"\n\t\t\t\tdata-src=\"https:\/\/flinke-flossen.de\/wp-content\/gallery\/naturgart\/MG_2267.jpg\"\n\t\t\t\tdata-thumbnail=\"https:\/\/flinke-flossen.de\/wp-content\/gallery\/naturgart\/thumbs\/thumbs_MG_2267.jpg\"\n\t\t\t\tdata-image-id=\"156\"\n\t\t\t\tdata-title=\"MG_2267\"\n\t\t\t\tdata-description=\"\"\n\t\t\t\tdata-image-slug=\"mg_2267\"\n\t\t\t\tclass=\"ngg-simplelightbox\" rel=\"d48a251444e053e43fe57fb7a63b708b\">\n\t\t\t\t<img\n\t\t\t\t\ttitle=\"MG_2267\"\n\t\t\t\t\talt=\"MG_2267\"\n\t\t\t\t\tsrc=\"https:\/\/flinke-flossen.de\/wp-content\/gallery\/naturgart\/thumbs\/thumbs_MG_2267.jpg\"\n\t\t\t\t\twidth=\"240\"\n\t\t\t\t\theight=\"160\"\n\t\t\t\t\tstyle=\"max-width:100%;\"\n\t\t\t\t\/>\n\t\t\t<\/a>\n\t\t<\/div>\n\t\t\t\t\t\t\t<\/div> \n\t\t\t\n\t\t\t\t<div id=\"ngg-image-1\" class=\"ngg-gallery-thumbnail-box \n\t\t\t\t\t\t\t\t\t\t\t\" \n\t\t\t>\n\t\t\t\t\t\t<div class=\"ngg-gallery-thumbnail\">\n\t\t\t<a href=\"https:\/\/flinke-flossen.de\/wp-content\/gallery\/naturgart\/MG_2285.jpg\"\n\t\t\t\ttitle=\"\"\n\t\t\t\tdata-src=\"https:\/\/flinke-flossen.de\/wp-content\/gallery\/naturgart\/MG_2285.jpg\"\n\t\t\t\tdata-thumbnail=\"https:\/\/flinke-flossen.de\/wp-content\/gallery\/naturgart\/thumbs\/thumbs_MG_2285.jpg\"\n\t\t\t\tdata-image-id=\"155\"\n\t\t\t\tdata-title=\"MG_2285\"\n\t\t\t\tdata-description=\"\"\n\t\t\t\tdata-image-slug=\"mg_2285\"\n\t\t\t\tclass=\"ngg-simplelightbox\" rel=\"d48a251444e053e43fe57fb7a63b708b\">\n\t\t\t\t<img\n\t\t\t\t\ttitle=\"MG_2285\"\n\t\t\t\t\talt=\"MG_2285\"\n\t\t\t\t\tsrc=\"https:\/\/flinke-flossen.de\/wp-content\/gallery\/naturgart\/thumbs\/thumbs_MG_2285.jpg\"\n\t\t\t\t\twidth=\"240\"\n\t\t\t\t\theight=\"160\"\n\t\t\t\t\tstyle=\"max-width:100%;\"\n\t\t\t\t\/>\n\t\t\t<\/a>\n\t\t<\/div>\n\t\t\t\t\t\t\t<\/div> \n\t\t\t\n\t\t\t\t<div id=\"ngg-image-2\" class=\"ngg-gallery-thumbnail-box \n\t\t\t\t\t\t\t\t\t\t\t\" \n\t\t\t>\n\t\t\t\t\t\t<div class=\"ngg-gallery-thumbnail\">\n\t\t\t<a href=\"https:\/\/flinke-flossen.de\/wp-content\/gallery\/naturgart\/MG_2348.jpg\"\n\t\t\t\ttitle=\"\"\n\t\t\t\tdata-src=\"https:\/\/flinke-flossen.de\/wp-content\/gallery\/naturgart\/MG_2348.jpg\"\n\t\t\t\tdata-thumbnail=\"https:\/\/flinke-flossen.de\/wp-content\/gallery\/naturgart\/thumbs\/thumbs_MG_2348.jpg\"\n\t\t\t\tdata-image-id=\"161\"\n\t\t\t\tdata-title=\"MG_2348\"\n\t\t\t\tdata-description=\"\"\n\t\t\t\tdata-image-slug=\"mg_2348\"\n\t\t\t\tclass=\"ngg-simplelightbox\" rel=\"d48a251444e053e43fe57fb7a63b708b\">\n\t\t\t\t<img\n\t\t\t\t\ttitle=\"MG_2348\"\n\t\t\t\t\talt=\"MG_2348\"\n\t\t\t\t\tsrc=\"https:\/\/flinke-flossen.de\/wp-content\/gallery\/naturgart\/thumbs\/thumbs_MG_2348.jpg\"\n\t\t\t\t\twidth=\"240\"\n\t\t\t\t\theight=\"160\"\n\t\t\t\t\tstyle=\"max-width:100%;\"\n\t\t\t\t\/>\n\t\t\t<\/a>\n\t\t<\/div>\n\t\t\t\t\t\t\t<\/div> \n\t\t\t\n\t\t\t\t<div id=\"ngg-image-3\" class=\"ngg-gallery-thumbnail-box \n\t\t\t\t\t\t\t\t\t\t\t\" \n\t\t\t>\n\t\t\t\t\t\t<div class=\"ngg-gallery-thumbnail\">\n\t\t\t<a href=\"https:\/\/flinke-flossen.de\/wp-content\/gallery\/naturgart\/MG_2457.jpg\"\n\t\t\t\ttitle=\"\"\n\t\t\t\tdata-src=\"https:\/\/flinke-flossen.de\/wp-content\/gallery\/naturgart\/MG_2457.jpg\"\n\t\t\t\tdata-thumbnail=\"https:\/\/flinke-flossen.de\/wp-content\/gallery\/naturgart\/thumbs\/thumbs_MG_2457.jpg\"\n\t\t\t\tdata-image-id=\"157\"\n\t\t\t\tdata-title=\"MG_2457\"\n\t\t\t\tdata-description=\"\"\n\t\t\t\tdata-image-slug=\"mg_2457\"\n\t\t\t\tclass=\"ngg-simplelightbox\" rel=\"d48a251444e053e43fe57fb7a63b708b\">\n\t\t\t\t<img\n\t\t\t\t\ttitle=\"MG_2457\"\n\t\t\t\t\talt=\"MG_2457\"\n\t\t\t\t\tsrc=\"https:\/\/flinke-flossen.de\/wp-content\/gallery\/naturgart\/thumbs\/thumbs_MG_2457.jpg\"\n\t\t\t\t\twidth=\"240\"\n\t\t\t\t\theight=\"160\"\n\t\t\t\t\tstyle=\"max-width:100%;\"\n\t\t\t\t\/>\n\t\t\t<\/a>\n\t\t<\/div>\n\t\t\t\t\t\t\t<\/div> \n\t\t\t\n\t\t\t\t<div id=\"ngg-image-4\" class=\"ngg-gallery-thumbnail-box \n\t\t\t\t\t\t\t\t\t\t\t\" \n\t\t\t>\n\t\t\t\t\t\t<div class=\"ngg-gallery-thumbnail\">\n\t\t\t<a href=\"https:\/\/flinke-flossen.de\/wp-content\/gallery\/naturgart\/MG_2404.jpg\"\n\t\t\t\ttitle=\"\"\n\t\t\t\tdata-src=\"https:\/\/flinke-flossen.de\/wp-content\/gallery\/naturgart\/MG_2404.jpg\"\n\t\t\t\tdata-thumbnail=\"https:\/\/flinke-flossen.de\/wp-content\/gallery\/naturgart\/thumbs\/thumbs_MG_2404.jpg\"\n\t\t\t\tdata-image-id=\"159\"\n\t\t\t\tdata-title=\"MG_2404\"\n\t\t\t\tdata-description=\"\"\n\t\t\t\tdata-image-slug=\"mg_2404\"\n\t\t\t\tclass=\"ngg-simplelightbox\" rel=\"d48a251444e053e43fe57fb7a63b708b\">\n\t\t\t\t<img\n\t\t\t\t\ttitle=\"MG_2404\"\n\t\t\t\t\talt=\"MG_2404\"\n\t\t\t\t\tsrc=\"https:\/\/flinke-flossen.de\/wp-content\/gallery\/naturgart\/thumbs\/thumbs_MG_2404.jpg\"\n\t\t\t\t\twidth=\"240\"\n\t\t\t\t\theight=\"160\"\n\t\t\t\t\tstyle=\"max-width:100%;\"\n\t\t\t\t\/>\n\t\t\t<\/a>\n\t\t<\/div>\n\t\t\t\t\t\t\t<\/div> \n\t\t\t\n\t\t\t\t<div id=\"ngg-image-5\" class=\"ngg-gallery-thumbnail-box \n\t\t\t\t\t\t\t\t\t\t\t\" \n\t\t\t>\n\t\t\t\t\t\t<div class=\"ngg-gallery-thumbnail\">\n\t\t\t<a href=\"https:\/\/flinke-flossen.de\/wp-content\/gallery\/naturgart\/IMG_0013.jpg\"\n\t\t\t\ttitle=\"\"\n\t\t\t\tdata-src=\"https:\/\/flinke-flossen.de\/wp-content\/gallery\/naturgart\/IMG_0013.jpg\"\n\t\t\t\tdata-thumbnail=\"https:\/\/flinke-flossen.de\/wp-content\/gallery\/naturgart\/thumbs\/thumbs_IMG_0013.jpg\"\n\t\t\t\tdata-image-id=\"158\"\n\t\t\t\tdata-title=\"IMG_0013\"\n\t\t\t\tdata-description=\"\"\n\t\t\t\tdata-image-slug=\"img_0013\"\n\t\t\t\tclass=\"ngg-simplelightbox\" rel=\"d48a251444e053e43fe57fb7a63b708b\">\n\t\t\t\t<img\n\t\t\t\t\ttitle=\"IMG_0013\"\n\t\t\t\t\talt=\"IMG_0013\"\n\t\t\t\t\tsrc=\"https:\/\/flinke-flossen.de\/wp-content\/gallery\/naturgart\/thumbs\/thumbs_IMG_0013.jpg\"\n\t\t\t\t\twidth=\"240\"\n\t\t\t\t\theight=\"160\"\n\t\t\t\t\tstyle=\"max-width:100%;\"\n\t\t\t\t\/>\n\t\t\t<\/a>\n\t\t<\/div>\n\t\t\t\t\t\t\t<\/div> \n\t\t\t\n\t\n\t<br style=\"clear: both\" \/>\n\n\t\n\t\t<!-- Pagination -->\n\t\t<div class='ngg-clear'><\/div>\t<\/div>\n\n","protected":false},"excerpt":{"rendered":"<p>Im September waren 10 Flinke Flossen im Naturagart in Ibbenb\u00fcren, konnten dort mit riesigen St\u00f6ren tauchen. Und auch die nichttauchenden Begleitpersonen hatten gro\u00dfes Spa\u00df auf dem Gartengel\u00e4nde.<\/p>\n","protected":false},"author":1,"featured_media":0,"parent":14,"menu_order":185,"comment_status":"closed","ping_status":"closed","template":"onecolumn-page.php","meta":{"ngg_post_thumbnail":0,"footnotes":""},"_links":{"self":[{"href":"https:\/\/flinke-flossen.de\/index.php?rest_route=\/wp\/v2\/pages\/818"}],"collection":[{"href":"https:\/\/flinke-flossen.de\/index.php?rest_route=\/wp\/v2\/pages"}],"about":[{"href":"https:\/\/flinke-flossen.de\/index.php?rest_route=\/wp\/v2\/types\/page"}],"author":[{"embeddable":true,"href":"https:\/\/flinke-flossen.de\/index.php?rest_route=\/wp\/v2\/users\/1"}],"replies":[{"embeddable":true,"href":"https:\/\/flinke-flossen.de\/index.php?rest_route=%2Fwp%2Fv2%2Fcomments&post=818"}],"version-history":[{"count":3,"href":"https:\/\/flinke-flossen.de\/index.php?rest_route=\/wp\/v2\/pages\/818\/revisions"}],"predecessor-version":[{"id":849,"href":"https:\/\/flinke-flossen.de\/index.php?rest_route=\/wp\/v2\/pages\/818\/revisions\/849"}],"up":[{"embeddable":true,"href":"https:\/\/flinke-flossen.de\/index.php?rest_route=\/wp\/v2\/pages\/14"}],"wp:attachment":[{"href":"https:\/\/flinke-flossen.de\/index.php?rest_route=%2Fwp%2Fv2%2Fmedia&parent=818"}],"curies":[{"name":"wp","href":"https:\/\/api.w.org\/{rel}","templated":true}]}}