{"id":425,"date":"2020-12-26T16:07:40","date_gmt":"2020-12-26T16:07:40","guid":{"rendered":"http:\/\/flinke-flossen.de\/?page_id=425"},"modified":"2020-12-26T16:08:01","modified_gmt":"2020-12-26T16:08:01","slug":"nitrox-kurs-2020","status":"publish","type":"page","link":"https:\/\/flinke-flossen.de\/?page_id=425","title":{"rendered":"Nitrox-Kurs 2020"},"content":{"rendered":"\n<p>Am 16. Februar trafen sich sieben Interessierte zu einem <strong>Nitrox-Kurs<\/strong> im Jugendzentrum Gro\u00df-Umstadt. Andr\u00e9 und Mike hatten ein Quiz zum Einstieg vorbereitet, nach zwanzig Fragen war bei allen Teilnehmern das Wissen um Luftzusammensetzung und Partialdr\u00fccke in diversen Tiefen aufgefrischt. Danach folgte ein Theorieteil, immer wieder aufgelockert durch kurze Praxiseinheiten. Die abschlie\u00dfende Pr\u00fcfung haben nat\u00fcrlich alle bestanden, ein gro\u00dfes Danke an Andr\u00e9 und Mike.<\/p>\n","protected":false},"excerpt":{"rendered":"<p>Am 16. Februar trafen sich sieben Interessierte zu einem Nitrox-Kurs im Jugendzentrum Gro\u00df-Umstadt. Andr\u00e9 und Mike hatten ein Quiz zum Einstieg vorbereitet, nach zwanzig Fragen war bei allen Teilnehmern das Wissen um Luftzusammensetzung und Partialdr\u00fccke in diversen Tiefen aufgefrischt. Danach &hellip; <a href=\"https:\/\/flinke-flossen.de\/?page_id=425\">Weiterlesen <span class=\"meta-nav\">&rarr;<\/span><\/a><\/p>\n","protected":false},"author":1,"featured_media":0,"parent":14,"menu_order":195,"comment_status":"closed","ping_status":"closed","template":"onecolumn-page.php","meta":{"ngg_post_thumbnail":0,"footnotes":""},"_links":{"self":[{"href":"https:\/\/flinke-flossen.de\/index.php?rest_route=\/wp\/v2\/pages\/425"}],"collection":[{"href":"https:\/\/flinke-flossen.de\/index.php?rest_route=\/wp\/v2\/pages"}],"about":[{"href":"https:\/\/flinke-flossen.de\/index.php?rest_route=\/wp\/v2\/types\/page"}],"author":[{"embeddable":true,"href":"https:\/\/flinke-flossen.de\/index.php?rest_route=\/wp\/v2\/users\/1"}],"replies":[{"embeddable":true,"href":"https:\/\/flinke-flossen.de\/index.php?rest_route=%2Fwp%2Fv2%2Fcomments&post=425"}],"version-history":[{"count":1,"href":"https:\/\/flinke-flossen.de\/index.php?rest_route=\/wp\/v2\/pages\/425\/revisions"}],"predecessor-version":[{"id":426,"href":"https:\/\/flinke-flossen.de\/index.php?rest_route=\/wp\/v2\/pages\/425\/revisions\/426"}],"up":[{"embeddable":true,"href":"https:\/\/flinke-flossen.de\/index.php?rest_route=\/wp\/v2\/pages\/14"}],"wp:attachment":[{"href":"https:\/\/flinke-flossen.de\/index.php?rest_route=%2Fwp%2Fv2%2Fmedia&parent=425"}],"curies":[{"name":"wp","href":"https:\/\/api.w.org\/{rel}","templated":true}]}}