{"id":31,"date":"2019-05-01T15:24:59","date_gmt":"2019-05-01T15:24:59","guid":{"rendered":"http:\/\/flinke-flossen.de\/?page_id=31"},"modified":"2026-04-01T16:03:47","modified_gmt":"2026-04-01T16:03:47","slug":"tauchkurs","status":"publish","type":"page","link":"https:\/\/flinke-flossen.de\/?page_id=31","title":{"rendered":"Tauchkurs"},"content":{"rendered":"\n<p>Habt ihr Lust das Tauchen zu erlernen oder auf Tauchweiterbildung?<br>Meldet euch bei uns!<\/p>\n\n\n\n<figure class=\"wp-block-image size-large\"><img loading=\"lazy\" decoding=\"async\" width=\"724\" height=\"1024\" src=\"http:\/\/flinke-flossen.de\/wp-content\/uploads\/2026\/04\/Tauchkurs-2026-724x1024.jpg\" alt=\"\" class=\"wp-image-1557\" srcset=\"https:\/\/flinke-flossen.de\/wp-content\/uploads\/2026\/04\/Tauchkurs-2026-724x1024.jpg 724w, https:\/\/flinke-flossen.de\/wp-content\/uploads\/2026\/04\/Tauchkurs-2026-212x300.jpg 212w, https:\/\/flinke-flossen.de\/wp-content\/uploads\/2026\/04\/Tauchkurs-2026-768x1086.jpg 768w, https:\/\/flinke-flossen.de\/wp-content\/uploads\/2026\/04\/Tauchkurs-2026-1086x1536.jpg 1086w, https:\/\/flinke-flossen.de\/wp-content\/uploads\/2026\/04\/Tauchkurs-2026.jpg 1414w\" sizes=\"(max-width: 724px) 100vw, 724px\" \/><\/figure>\n\n\n\n<p>Jedes Fr\u00fchjahr beginnen unsere Tauchkurse, ob Anf\u00e4nger oder Fortgeschrittener, wir bilden euch nach CMAS aus. Die Theorieeinheiten finden in unserem Clubraum im JUZ Gro\u00df-Umstadt statt. Die praktischen \u00dcbungen legen wir im Freibad und sp\u00e4ter dann im See ab.<\/p>\n\n\n\n<p>Dieses Jahr startet die Theorie am 28. April 2026.<\/p>\n\n\n\n<p>Bei Fragen schreibt einfach eine Mail an <a href=\"mailto:info@flinke-flossen.de?subject=Tauchkurs\">info@flinke-flossen.de<\/a><\/p>\n\n\n\n<figure class=\"wp-block-image is-resized\"><img loading=\"lazy\" decoding=\"async\" width=\"640\" height=\"480\" src=\"http:\/\/flinke-flossen.de\/wp-content\/uploads\/2019\/05\/P1020395.jpg\" alt=\"Tauchkurs\" class=\"wp-image-72\" style=\"width:617px;height:463px\" srcset=\"https:\/\/flinke-flossen.de\/wp-content\/uploads\/2019\/05\/P1020395.jpg 640w, https:\/\/flinke-flossen.de\/wp-content\/uploads\/2019\/05\/P1020395-300x225.jpg 300w\" sizes=\"(max-width: 640px) 100vw, 640px\" \/><\/figure>\n","protected":false},"excerpt":{"rendered":"<p>Habt ihr Lust das Tauchen zu erlernen oder auf Tauchweiterbildung?Meldet euch bei uns! Jedes Fr\u00fchjahr beginnen unsere Tauchkurse, ob Anf\u00e4nger oder Fortgeschrittener, wir bilden euch nach CMAS aus. Die Theorieeinheiten finden in unserem Clubraum im JUZ Gro\u00df-Umstadt statt. Die praktischen &hellip; <a href=\"https:\/\/flinke-flossen.de\/?page_id=31\">Weiterlesen <span class=\"meta-nav\">&rarr;<\/span><\/a><\/p>\n","protected":false},"author":1,"featured_media":0,"parent":0,"menu_order":4,"comment_status":"closed","ping_status":"closed","template":"onecolumn-page.php","meta":{"ngg_post_thumbnail":0,"footnotes":""},"_links":{"self":[{"href":"https:\/\/flinke-flossen.de\/index.php?rest_route=\/wp\/v2\/pages\/31"}],"collection":[{"href":"https:\/\/flinke-flossen.de\/index.php?rest_route=\/wp\/v2\/pages"}],"about":[{"href":"https:\/\/flinke-flossen.de\/index.php?rest_route=\/wp\/v2\/types\/page"}],"author":[{"embeddable":true,"href":"https:\/\/flinke-flossen.de\/index.php?rest_route=\/wp\/v2\/users\/1"}],"replies":[{"embeddable":true,"href":"https:\/\/flinke-flossen.de\/index.php?rest_route=%2Fwp%2Fv2%2Fcomments&post=31"}],"version-history":[{"count":19,"href":"https:\/\/flinke-flossen.de\/index.php?rest_route=\/wp\/v2\/pages\/31\/revisions"}],"predecessor-version":[{"id":1560,"href":"https:\/\/flinke-flossen.de\/index.php?rest_route=\/wp\/v2\/pages\/31\/revisions\/1560"}],"wp:attachment":[{"href":"https:\/\/flinke-flossen.de\/index.php?rest_route=%2Fwp%2Fv2%2Fmedia&parent=31"}],"curies":[{"name":"wp","href":"https:\/\/api.w.org\/{rel}","templated":true}]}}