{"id":167,"date":"2019-07-15T11:18:12","date_gmt":"2019-07-15T11:18:12","guid":{"rendered":"http:\/\/flinke-flossen.de\/?page_id=167"},"modified":"2021-02-16T10:13:29","modified_gmt":"2021-02-16T10:13:29","slug":"st-leon-2018","status":"publish","type":"page","link":"https:\/\/flinke-flossen.de\/?page_id=167","title":{"rendered":"St. Leon 2018"},"content":{"rendered":"\n<p>Diesmal waren 33 Teilnehmer in St. Leon. Bei bestem Wetter wurden etliche Tauchg\u00e4nge durchgef\u00fchrt. Jan und Jannik konnten die Pr\u00fcfungen zum 1. Stern abschlie\u00dfen, Nils E. und Maurice haben die praktischen und theoretischen Pr\u00fcfungen f\u00fcr KTSA Gold mit Bravour bestanden. Leon, Ryan und Nils W. durften ihre allerersten Freiwassertauchg\u00e4nge absolvieren (bei der gruseligen Sicht eine echte Herausforderung) und sich danach \u00fcber KTSA Silber freuen. Die anschlie\u00dfende Taufe durch Neptun und Poseidon mussten alle \u00fcber sich ergehen lassen, auch Conny f\u00fcr den 400. Tauchgang und Dominik f\u00fcr den ersten Weicheitauchgang im Trockentauchanzug (bei 26\u00b0 Wassertemperatur) \ud83d\ude42<br>Ein herzliches Dankesch\u00f6n an alle Helfer, ohne die so ein Wochenende nicht m\u00f6glich w\u00e4re.<\/p>\n\n\n\n<!-- default-view.php -->\n<div\n\tclass=\"ngg-galleryoverview default-view \n\t\t\"\n\tid=\"ngg-gallery-d0f046b21ada8f931cbba8eb86e53630-1\">\n\n\t\t<!-- Thumbnails -->\n\t\t\t\t<div id=\"ngg-image-0\" class=\"ngg-gallery-thumbnail-box \n\t\t\t\t\t\t\t\tngg-3-columns\t\t\t\" \n\t\t\t>\n\t\t\t\t\t\t<div class=\"ngg-gallery-thumbnail\">\n\t\t\t<a href=\"https:\/\/flinke-flossen.de\/wp-content\/gallery\/st-leon-2018\/st-leon-2018-01.jpg\"\n\t\t\t\ttitle=\"\"\n\t\t\t\tdata-src=\"https:\/\/flinke-flossen.de\/wp-content\/gallery\/st-leon-2018\/st-leon-2018-01.jpg\"\n\t\t\t\tdata-thumbnail=\"https:\/\/flinke-flossen.de\/wp-content\/gallery\/st-leon-2018\/thumbs\/thumbs_st-leon-2018-01.jpg\"\n\t\t\t\tdata-image-id=\"6\"\n\t\t\t\tdata-title=\"Aufbau\"\n\t\t\t\tdata-description=\"\"\n\t\t\t\tdata-image-slug=\"st-leon-2018-01\"\n\t\t\t\tclass=\"ngg-simplelightbox\" rel=\"d0f046b21ada8f931cbba8eb86e53630\">\n\t\t\t\t<img\n\t\t\t\t\ttitle=\"Aufbau\"\n\t\t\t\t\talt=\"Aufbau\"\n\t\t\t\t\tsrc=\"https:\/\/flinke-flossen.de\/wp-content\/gallery\/st-leon-2018\/thumbs\/thumbs_st-leon-2018-01.jpg\"\n\t\t\t\t\twidth=\"240\"\n\t\t\t\t\theight=\"160\"\n\t\t\t\t\tstyle=\"max-width:100%;\"\n\t\t\t\t\/>\n\t\t\t<\/a>\n\t\t<\/div>\n\t\t\t\t\t\t\t<\/div> \n\t\t\t\n\t\t\t\t<div id=\"ngg-image-1\" class=\"ngg-gallery-thumbnail-box \n\t\t\t\t\t\t\t\tngg-3-columns\t\t\t\" \n\t\t\t>\n\t\t\t\t\t\t<div class=\"ngg-gallery-thumbnail\">\n\t\t\t<a href=\"https:\/\/flinke-flossen.de\/wp-content\/gallery\/st-leon-2018\/st-leon-2018-02.jpg\"\n\t\t\t\ttitle=\"\"\n\t\t\t\tdata-src=\"https:\/\/flinke-flossen.de\/wp-content\/gallery\/st-leon-2018\/st-leon-2018-02.jpg\"\n\t\t\t\tdata-thumbnail=\"https:\/\/flinke-flossen.de\/wp-content\/gallery\/st-leon-2018\/thumbs\/thumbs_st-leon-2018-02.jpg\"\n\t\t\t\tdata-image-id=\"7\"\n\t\t\t\tdata-title=\"Taufe\"\n\t\t\t\tdata-description=\"\"\n\t\t\t\tdata-image-slug=\"st-leon-2018-02\"\n\t\t\t\tclass=\"ngg-simplelightbox\" rel=\"d0f046b21ada8f931cbba8eb86e53630\">\n\t\t\t\t<img\n\t\t\t\t\ttitle=\"Taufe\"\n\t\t\t\t\talt=\"Taufe\"\n\t\t\t\t\tsrc=\"https:\/\/flinke-flossen.de\/wp-content\/gallery\/st-leon-2018\/thumbs\/thumbs_st-leon-2018-02.jpg\"\n\t\t\t\t\twidth=\"240\"\n\t\t\t\t\theight=\"160\"\n\t\t\t\t\tstyle=\"max-width:100%;\"\n\t\t\t\t\/>\n\t\t\t<\/a>\n\t\t<\/div>\n\t\t\t\t\t\t\t<\/div> \n\t\t\t\n\t\t\t\t<div id=\"ngg-image-2\" class=\"ngg-gallery-thumbnail-box \n\t\t\t\t\t\t\t\tngg-3-columns\t\t\t\" \n\t\t\t>\n\t\t\t\t\t\t<div class=\"ngg-gallery-thumbnail\">\n\t\t\t<a href=\"https:\/\/flinke-flossen.de\/wp-content\/gallery\/st-leon-2018\/st-leon-2018-03.jpg\"\n\t\t\t\ttitle=\"\"\n\t\t\t\tdata-src=\"https:\/\/flinke-flossen.de\/wp-content\/gallery\/st-leon-2018\/st-leon-2018-03.jpg\"\n\t\t\t\tdata-thumbnail=\"https:\/\/flinke-flossen.de\/wp-content\/gallery\/st-leon-2018\/thumbs\/thumbs_st-leon-2018-03.jpg\"\n\t\t\t\tdata-image-id=\"8\"\n\t\t\t\tdata-title=\"Abwasch\"\n\t\t\t\tdata-description=\"\"\n\t\t\t\tdata-image-slug=\"st-leon-2018-03\"\n\t\t\t\tclass=\"ngg-simplelightbox\" rel=\"d0f046b21ada8f931cbba8eb86e53630\">\n\t\t\t\t<img\n\t\t\t\t\ttitle=\"Abwasch\"\n\t\t\t\t\talt=\"Abwasch\"\n\t\t\t\t\tsrc=\"https:\/\/flinke-flossen.de\/wp-content\/gallery\/st-leon-2018\/thumbs\/thumbs_st-leon-2018-03.jpg\"\n\t\t\t\t\twidth=\"240\"\n\t\t\t\t\theight=\"160\"\n\t\t\t\t\tstyle=\"max-width:100%;\"\n\t\t\t\t\/>\n\t\t\t<\/a>\n\t\t<\/div>\n\t\t\t\t\t\t\t<\/div> \n\t\t\t\n\t\n\t<br style=\"clear: both\" \/>\n\n\t\n\t\t<!-- Pagination -->\n\t\t<div class='ngg-clear'><\/div>\t<\/div>\n\n","protected":false},"excerpt":{"rendered":"<p>Diesmal waren 33 Teilnehmer in St. Leon. Bei bestem Wetter wurden etliche Tauchg\u00e4nge durchgef\u00fchrt. Jan und Jannik konnten die Pr\u00fcfungen zum 1. Stern abschlie\u00dfen, Nils E. und Maurice haben die praktischen und theoretischen Pr\u00fcfungen f\u00fcr KTSA Gold mit Bravour bestanden. &hellip; <a href=\"https:\/\/flinke-flossen.de\/?page_id=167\">Weiterlesen <span class=\"meta-nav\">&rarr;<\/span><\/a><\/p>\n","protected":false},"author":1,"featured_media":0,"parent":150,"menu_order":100,"comment_status":"closed","ping_status":"closed","template":"onecolumn-page.php","meta":{"ngg_post_thumbnail":0,"footnotes":""},"_links":{"self":[{"href":"https:\/\/flinke-flossen.de\/index.php?rest_route=\/wp\/v2\/pages\/167"}],"collection":[{"href":"https:\/\/flinke-flossen.de\/index.php?rest_route=\/wp\/v2\/pages"}],"about":[{"href":"https:\/\/flinke-flossen.de\/index.php?rest_route=\/wp\/v2\/types\/page"}],"author":[{"embeddable":true,"href":"https:\/\/flinke-flossen.de\/index.php?rest_route=\/wp\/v2\/users\/1"}],"replies":[{"embeddable":true,"href":"https:\/\/flinke-flossen.de\/index.php?rest_route=%2Fwp%2Fv2%2Fcomments&post=167"}],"version-history":[{"count":4,"href":"https:\/\/flinke-flossen.de\/index.php?rest_route=\/wp\/v2\/pages\/167\/revisions"}],"predecessor-version":[{"id":533,"href":"https:\/\/flinke-flossen.de\/index.php?rest_route=\/wp\/v2\/pages\/167\/revisions\/533"}],"up":[{"embeddable":true,"href":"https:\/\/flinke-flossen.de\/index.php?rest_route=\/wp\/v2\/pages\/150"}],"wp:attachment":[{"href":"https:\/\/flinke-flossen.de\/index.php?rest_route=%2Fwp%2Fv2%2Fmedia&parent=167"}],"curies":[{"name":"wp","href":"https:\/\/api.w.org\/{rel}","templated":true}]}}