{"id":1374,"date":"2025-04-18T18:50:26","date_gmt":"2025-04-18T18:50:26","guid":{"rendered":"https:\/\/flinke-flossen.de\/?page_id=1374"},"modified":"2025-04-18T18:50:26","modified_gmt":"2025-04-18T18:50:26","slug":"antauchen-3","status":"publish","type":"page","link":"http:\/\/flinke-flossen.de\/?page_id=1374","title":{"rendered":"Antauchen"},"content":{"rendered":"\n<p>Am Karfreitag fand unser traditionelles Antauchen statt, diesmal im Rheinauer See. Der leichte Regen hatte sich gl\u00fccklicherweise verzogen, so dass wir bei k\u00fchlen 9\u00b0 Au\u00dfentemperatur in Ruhe unsere Tauchsachen vorbereiten konnten. <\/p>\n\n\n\n<figure class=\"wp-block-image size-large\"><img loading=\"lazy\" decoding=\"async\" width=\"1024\" height=\"768\" src=\"http:\/\/flinke-flossen.de\/wp-content\/uploads\/2025\/04\/IMG_6281-1024x768.jpeg\" alt=\"\" class=\"wp-image-1372\" srcset=\"http:\/\/flinke-flossen.de\/wp-content\/uploads\/2025\/04\/IMG_6281-1024x768.jpeg 1024w, http:\/\/flinke-flossen.de\/wp-content\/uploads\/2025\/04\/IMG_6281-300x225.jpeg 300w, http:\/\/flinke-flossen.de\/wp-content\/uploads\/2025\/04\/IMG_6281-768x576.jpeg 768w, http:\/\/flinke-flossen.de\/wp-content\/uploads\/2025\/04\/IMG_6281-1536x1152.jpeg 1536w, http:\/\/flinke-flossen.de\/wp-content\/uploads\/2025\/04\/IMG_6281.jpeg 2048w\" sizes=\"(max-width: 1024px) 100vw, 1024px\" \/><\/figure>\n\n\n\n<p>Nach der Gruppeneinteilung und kleineren Startschwierigkeiten mit dem Blei in den Trockentauchanz\u00fcgen ging es schlie\u00dflich ins 13\u00b0 warme Wasser. Insgesamt waren 9 Taucher im Wasser, davon 3 im Nassanzug &#8211; Respekt!<\/p>\n\n\n\n<p>Die Sicht war bis in etwa 5 Meter Tiefe sehr gut &#8211; darunter wurde es deutlich tr\u00fcber und sp\u00fcrbar k\u00e4lter. Nach Tauchzeiten zwischen 30 und 50 Minuten tauchten alle Teilnehmer wohlbehalten wieder auf.<\/p>\n\n\n\n<p>Im Anschluss lie\u00dfen wir den Mittag bei einem gemeinsamen Grillen gem\u00fctlich ausklingen. Ein herzliches Dankesch\u00f6n an Andr\u00e9 f\u00fcr die kleinen Osterhasen &#8211; eine sch\u00f6ne \u00dcberraschung zum Abschluss.<\/p>\n","protected":false},"excerpt":{"rendered":"<p>Am Karfreitag fand unser traditionelles Antauchen statt, diesmal im Rheinauer See. Der leichte Regen hatte sich gl\u00fccklicherweise verzogen, so dass wir bei k\u00fchlen 9\u00b0 Au\u00dfentemperatur in Ruhe unsere Tauchsachen vorbereiten konnten. Nach der Gruppeneinteilung und kleineren Startschwierigkeiten mit dem Blei &hellip; <a href=\"http:\/\/flinke-flossen.de\/?page_id=1374\">Weiterlesen <span class=\"meta-nav\">&rarr;<\/span><\/a><\/p>\n","protected":false},"author":1,"featured_media":0,"parent":14,"menu_order":166,"comment_status":"closed","ping_status":"closed","template":"onecolumn-page.php","meta":{"ngg_post_thumbnail":0,"footnotes":""},"_links":{"self":[{"href":"http:\/\/flinke-flossen.de\/index.php?rest_route=\/wp\/v2\/pages\/1374"}],"collection":[{"href":"http:\/\/flinke-flossen.de\/index.php?rest_route=\/wp\/v2\/pages"}],"about":[{"href":"http:\/\/flinke-flossen.de\/index.php?rest_route=\/wp\/v2\/types\/page"}],"author":[{"embeddable":true,"href":"http:\/\/flinke-flossen.de\/index.php?rest_route=\/wp\/v2\/users\/1"}],"replies":[{"embeddable":true,"href":"http:\/\/flinke-flossen.de\/index.php?rest_route=%2Fwp%2Fv2%2Fcomments&post=1374"}],"version-history":[{"count":1,"href":"http:\/\/flinke-flossen.de\/index.php?rest_route=\/wp\/v2\/pages\/1374\/revisions"}],"predecessor-version":[{"id":1375,"href":"http:\/\/flinke-flossen.de\/index.php?rest_route=\/wp\/v2\/pages\/1374\/revisions\/1375"}],"up":[{"embeddable":true,"href":"http:\/\/flinke-flossen.de\/index.php?rest_route=\/wp\/v2\/pages\/14"}],"wp:attachment":[{"href":"http:\/\/flinke-flossen.de\/index.php?rest_route=%2Fwp%2Fv2%2Fmedia&parent=1374"}],"curies":[{"name":"wp","href":"https:\/\/api.w.org\/{rel}","templated":true}]}}